s 318172951 a prime number?
False
Is 14277630511 prime?
True
Is 1070063741 composite?
False
Is 59573399891 a prime number?
False
Is 15577840277 prime?
False
Is 453690361 prime?
True
Is 20682617 a prime number?
False
Is 6728824303 a prime number?
True
Is 34285867769 a prime number?
False
Is 5854460371 a prime number?
True
Is 769429021 a prime number?
False
Is 15198685547 a prime number?
False
Is 78566108389 composite?
True
Is 6189500381 prime?
False
Is 18151165969 a prime number?
True
Is 1029111277 a composite number?
False
Is 6507369719 prime?
True
Is 18881596973 a prime number?
True
Is 4840527221 a composite number?
False
Is 22664150045 a composite number?
True
Is 5130862369 a composite number?
True
Is 298693919 a composite number?
False
Is 20747901 prime?
False
Is 15118898447 a composite number?
False
Is 45300572381 a prime number?
False
Is 23933115979 a composite number?
False
Is 177314237 a composite number?
False
Is 457322711 composite?
True
Is 5836185143 prime?
True
Is 22390018655 a prime number?
False
Is 17363661067 prime?
False
Is 9368953 composite?
True
Is 479959127 composite?
True
Is 1980399517 prime?
False
Is 15757736959 a composite number?
False
Is 821300003 prime?
False
Is 4198138193 a composite number?
True
Is 4640988019 prime?
True
Is 1065938519 composite?
True
Is 862284083 prime?
False
Is 355162517 a composite number?
False
Is 23576387059 prime?
False
Is 4010612167 a composite number?
False
Is 23069742473 prime?
True
Is 8135742319 composite?
False
Is 9134591731 prime?
False
Is 49021025623 a prime number?
True
Is 474623687 prime?
False
Is 2187160247 a composite number?
False
Is 53527949 a composite number?
True
Is 94805920574 prime?
False
Is 40435960289 a composite number?
True
Is 203864911 a prime number?
True
Is 528859951 composite?
True
Is 61452227 a prime number?
False
Is 26565357187 prime?
True
Is 97239949327 prime?
True
Is 7531361457 a prime number?
False
Is 4735747231 composite?
False
Is 77870375449 a composite number?
True
Is 3845508497 prime?
True
Is 792340909 a prime number?
False
Is 108941035201 a composite number?
False
Is 20468962831 a composite number?
True
Is 6895240777 composite?
True
Is 168669379 a composite number?
False
Is 16233622159 a composite number?
False
Is 5620297663 composite?
True
Is 158366260489 a prime number?
True
Is 23404492873 a prime number?
True
Is 2865780717 composite?
True
Is 1265966021 composite?
False
Is 1010825999 a composite number?
True
Is 8536838077 a prime number?
False
Is 60686067283 a prime number?
False
Is 1612819743 a prime number?
False
Is 19564942297 prime?
False
Is 82130669 composite?
True
Is 33848761 a composite number?
True
Is 104009345303 a composite number?
True
Is 2553263963 a composite number?
True
Is 9538194433 prime?
True
Is 90217027 a prime number?
False
Is 1234296367 prime?
False
Is 2533854329 prime?
True
Is 1680577273 prime?
True
Is 87320127707 composite?
False
Is 7013898833 a composite number?
False
Is 1284604549 composite?
False
Is 4106824807 a composite number?
False
Is 3762808183 prime?
True
Is 10915975709 a prime number?
True
Is 83282153 composite?
True
Is 158035040231 composite?
False
Is 9288786673 a composite number?
True
Is 108554921942 a prime number?
False
Is 16165205527 composite?
True
Is 41268147137 a composite number?
True
Is 6059107 a composite number?
False
Is 3020915501 composite?
False
Is 8682231949 a prime number?
False
Is 21664566733 a prime number?
True
Is 865754693 prime?
True
Is 798019891 a composite number?
True
Is 12202546619 a prime number?
True
Is 113414606189 prime?
True
Is 301409387 prime?
True
Is 307585181 composite?
True
Is 1959309949 a prime number?
False
Is 18883196153 a prime number?
True
Is 623961581 composite?
False
Is 22168799789 a composite number?
False
Is 51929783743 a prime number?
True
Is 775093133 a composite number?
True
Is 27624339491 composite?
True
Is 2775144629 a prime number?
True
Is 1343801717 a prime number?
True
Is 13102332107 prime?
False
Is 769389839 a prime number?
False
Is 143954831059 a prime number?
False
Is 7736576683 a prime number?
False
Is 7957989487 composite?
True
Is 140483177077 prime?
False
Is 1511165647 a prime number?
False
Is 19359256577 a prime number?
False
Is 45578169211 composite?
True
Is 1475849047 composite?
False
Is 1680316831 composite?
False
Is 34476572233 a composite number?
False
Is 453447091 a prime number?
True
Is 315559370741 composite?
False
Is 945366187 prime?
False
Is 23756765657 a prime number?
False
Is 310048157 prime?
False
Is 30882324379 a composite number?
False
Is 116552213 a prime number?
False
Is 3740605039 composite?
False
Is 216755610307 composite?
False
Is 62574076553 composite?
False
Is 13884734321 a prime number?
True
Is 14104249673 a composite number?
True
Is 323177323 composite?
True
Is 32898377309 prime?
False
Is 485035711 prime?
True
Is 1737436381 a prime number?
False
Is 30844918519 composite?
False
Is 6194982503 a prime number?
False
Is 4624274167 a prime number?
True
Is 478112953 prime?
True
Is 114692231 prime?
True
Is 1307463041 prime?
False
Is 659229803 a prime number?
True
Is 188676273 prime?
False
Is 7653332746 prime?
False
Is 12587323289 a composite number?
True
Is 671191873 a composite number?
True
Is 10694455069 a prime number?
True
Is 284142931 prime?
False
Is 4418339477 a prime number?
False
Is 1444686091 composite?
True
Is 3159418061 a prime number?
True
Is 285783879359 prime?
False
Is 9245956627 a composite number?
True
Is 14362057309 a composite number?
False
Is 1213895866 a composite number?
True
Is 40808206211 prime?
True
Is 20770087573 a prime number?
True
Is 485327149 a composite number?
False
Is 216987301 composite?
True
Is 247014766303 a composite number?
False
Is 5793637327 a prime number?
True
Is 7906668233 prime?
True
Is 27209751347 composite?
False
Is 5853134189 prime?
False
Is 1834884329 a composite number?
True
Is 576038729 composite?
True
Is 258588919 composite?
True
Is 5977407517 a composite number?
True
Is 1099102031 a prime number?
False
Is 25711909 composite?
True
Is 11466222479 a composite number?
False
Is 509602151 a prime number?
True
Is 8686602943 prime?
True
Is 468758713 composite?
False
Is 801137057 prime?
False
Is 29630165557 a composite number?
False
Is 10412055037 prime?
True
Is 8848995967 a prime number?
False
Is 1385063791 composite?
False
Is 31694390347 prime?
True
Is 176526551 a composite number?
True
Is 6812243161 prime?
False
Is 4061680769 composite?
False
Is 91895858473 prime?
False
Is 1893162893 a prime number?
False
Is 28629773 a composite number?
False
Is 31109296343 a prime number?
True
Is 40641770947 composite?
False
Is 72384853201 a composite number?
False
Is 1718864867 a prime number?
True
Is 1146954253 a prime number?
False
Is 501434189 a composite number?
True
Is 1993154201 a prime number?
True
Is 2889445921 composite?
True
Is 1119937589 composite?
True
Is 5009290901 composite?
True
Is 1294539079 composite?
False
Is 850233151 a composite number?
True
Is 5070531803 prime?
False
Is 2125400239 a composite number?
False
Is 37229888057 composite?
True
Is 2976227465 prime?
False
Is 13608800099 a composite number?
False
Is 69103905253 a composite number?
True
Is 3603599561 prime?
False
Is 4087118029 a prime number?
True
Is 821508031 a composite number?
False
Is 4208101423 a composite number?
True
Is 37881211051 a prime number?
True
Is 3366750371 a composite number?
True
Is 59772581917 a prime number?
True
Is 1551491923 composite?
True
Is 5479616419 composite?
False
Is 77377093187 a composite number?
False
Is 1146317629 prime?
True
Is 1375943911 a prime number?
True
Is 6075167213 composite?
False
Is 125855600113 a prime number?
True
Is 12671243027 composite?
True
Is 149744359 prime?
True
Is 1047077041 a composite number?
False
Is 17036239427 composite?
True
Is 15381297853 composite?
True
Is 6196868351 composite?
True
Is 19620696841 a composite number?
False
Is 2070634069 composite?
True
Is 989841527 prime?
True
Is 503015971 a composite number?
True
Is 1975850533 composite?
True
Is 1525947737 composite?
True
Is 5360267149 a prime number?
True
Is 951582679 prime?
False
Is 402677699 composite?
False
Is 48541881742 prime?
False
Is 270000110639 prime?
False
Is 626202641 a prime number?
True
Is 1221861287 prime?
False
Is